t the prime factors of 532566056.
2, 11, 41, 147607
What are the prime factors of 54034821?
3, 2213, 2713
What are the prime factors of 391960578?
2, 3, 29, 2252647
List the prime factors of 1011631532.
2, 252907883
List the prime factors of 99038363.
149, 664687
What are the prime factors of 214006482?
2, 3, 401, 9883
What are the prime factors of 6315728758?
2, 3157864379
List the prime factors of 6609498155.
5, 13, 23, 103, 42923
List the prime factors of 505010867.
505010867
List the prime factors of 154380133.
277, 557329
What are the prime factors of 61902032?
2, 17, 227581
List the prime factors of 53451171.
3, 97, 6803
What are the prime factors of 271406855?
5, 1471, 36901
What are the prime factors of 21919440?
2, 3, 5, 91331
What are the prime factors of 270412506?
2, 3, 7, 13, 17, 83
What are the prime factors of 334857260?
2, 5, 557, 30059
What are the prime factors of 107340297?
3, 61, 97, 6047
What are the prime factors of 27672269?
491, 56359
What are the prime factors of 1177194197?
139, 8469023
What are the prime factors of 285577842?
2, 3, 11, 4326937
What are the prime factors of 378407539?
17, 859, 25913
List the prime factors of 1368401669.
1368401669
List the prime factors of 545669578.
2, 1523, 179143
List the prime factors of 3613824841.
11, 457, 65353
What are the prime factors of 256695408?
2, 3, 1782607
What are the prime factors of 1109043502?
2, 7, 127, 623759
What are the prime factors of 7593934?
2, 17, 149, 1499
List the prime factors of 12155791.
12155791
What are the prime factors of 156466203?
3, 52155401
What are the prime factors of 153869743?
103, 613, 2437
List the prime factors of 368977000.
2, 5, 7, 52711
List the prime factors of 1654772705.
5, 59, 5609399
List the prime factors of 4269304917.
3, 73, 6498181
List the prime factors of 1534138737.
3, 113, 349, 12967
What are the prime factors of 2262973908?
2, 3, 13, 14506243
List the prime factors of 4383138083.
23, 2377, 80173
What are the prime factors of 80809739?
37, 2184047
List the prime factors of 1188089684.
2, 19, 37, 113, 3739
List the prime factors of 4250138.
2, 2125069
What are the prime factors of 15525421?
73, 212677
What are the prime factors of 511826698?
2, 37, 41, 168697
What are the prime factors of 128129712?
2, 3, 2669369
List the prime factors of 42738178.
2, 7, 3052727
List the prime factors of 28164418.
2, 14082209
What are the prime factors of 559540119?
3, 186513373
List the prime factors of 3312538704.
2, 3, 89, 258469
What are the prime factors of 4481609087?
23, 1427, 136547
List the prime factors of 846155.
5, 229, 739
What are the prime factors of 26539310?
2, 5, 7, 379133
What are the prime factors of 663452530?
2, 5, 13, 5103481
What are the prime factors of 175412041?
7, 25058863
List the prime factors of 549263215.
5, 61, 1800863
List the prime factors of 99082106.
2, 49541053
What are the prime factors of 67056602?
2, 17, 1321, 1493
What are the prime factors of 1590847324?
2, 11, 107, 337903
List the prime factors of 151270581.
3, 7, 11, 47, 13933
List the prime factors of 1212954332.
2, 41, 59, 67, 1871
List the prime factors of 36940.
2, 5, 1847
List the prime factors of 309287878.
2, 154643939
What are the prime factors of 2549797047?
3, 7, 47, 293, 2939
What are the prime factors of 282460035?
3, 5, 11, 13, 37, 3559
List the prime factors of 479123752.
2, 59890469
What are the prime factors of 156078411?
3, 17, 3060361
What are the prime factors of 20635394?
2, 13, 793669
List the prime factors of 810156144.
2, 3, 7, 37, 65167
What are the prime factors of 66769212?
2, 3, 311, 17891
List the prime factors of 743667186.
2, 3, 123944531
List the prime factors of 1259700421.
7, 1601, 112403
What are the prime factors of 331869883?
97, 383, 8933
What are the prime factors of 25688516?
2, 7, 23, 113, 353
What are the prime factors of 2155488375?
3, 5, 61, 94229
List the prime factors of 23606622.
2, 3, 13, 79, 1277
What are the prime factors of 189806234?
2, 94903117
What are the prime factors of 61242048?
2, 3, 7, 61, 83
What are the prime factors of 532091051?
532091051
List the prime factors of 515267073.
3, 179, 227, 1409
What are the prime factors of 95566289?
7, 13, 80783
What are the prime factors of 354185197?
11783, 30059
List the prime factors of 184050317.
11, 31, 139, 353
What are the prime factors of 166612107?
3, 55537369
List the prime factors of 2116342569.
3, 11, 19, 3375347
List the prime factors of 243763420.
2, 5, 67, 181913
List the prime factors of 375594541.
7, 139, 386017
What are the prime factors of 643560923?
17957, 35839
List the prime factors of 121312461.
3, 1087, 37201
List the prime factors of 66449700.
2, 3, 5, 24611
What are the prime factors of 257691205?
5, 19, 2712539
List the prime factors of 5461136818.
2, 1777, 1536617
List the prime factors of 2056712397.
3, 41, 16721239
What are the prime factors of 126729166?
2, 151, 233, 1801
What are the prime factors of 24274223?
23, 45887
List the prime factors of 1573731134.
2, 6971, 112877
What are the prime factors of 176990638?
2, 11, 17, 53, 8929
What are the prime factors of 95652068?
2, 53, 8513
List the prime factors of 28345789.
29, 379, 2579
List the prime factors of 150890818.
2, 13, 19, 281, 1087
List the prime factors of 1426291334.
2, 13, 54857359
What are the prime factors of 92128135?
5, 11, 1675057
List the prime factors of 46482775.
5, 1859311
What are the prime factors of 8036347414?
2, 4018173707
What are the prime factors of 37990080?
2, 3, 5, 4397
List the prime factors of 138843642.
2, 3, 7, 227, 14563
List the prime factors of 61396156.
2, 15349039
List the prime factors of 2789887810.
2, 5, 23, 97, 5437
List the prime factors of 28323064.
2, 7, 11, 45979
What are the prime factors of 228396578?
2, 23, 83, 163, 367
What are the prime factors of 17543598?
2, 3, 2923933
What are the prime factors of 3094399805?
5, 7, 269, 328667
What are the prime factors of 60833162?
2, 13, 97, 24121
What are the prime factors of 7813048663?
7, 173, 6451733
List the prime factors of 19223577.
3, 53, 191, 211
List the prime factors of 187998629.
7, 13, 1103, 1873
List the prime factors of 3388563227.
7, 19, 25477919
List the prime factors of 2466974068.
2, 13, 47441809
List the prime factors of 510847568.
2, 7, 11, 43, 9643
What are the prime factors of 2464525855?
5, 11, 2833, 15817
List the prime factors of 2415112398.
2, 3, 5741, 23371
What are the prime factors of 53860702?
2, 7, 31, 17729
List the prime factors of 12741136.
2, 47, 16943
What are the prime factors of 1228389989?
1228389989
What are the prime factors of 3234789163?
223, 14505781
What are the prime factors of 587438147?
23, 653, 39113
List the prime factors of 15766362.
2, 3, 23, 38083
What are the prime factors of 23644106?
2, 29, 407657
List the prime factors of 1121409169.
43, 571, 45673
What are the prime factors of 541430978?
2, 11, 24610499
What are the prime factors of 52574122?
2, 43, 379, 1613
List the prime factors of 570269728.
2, 7, 23, 71, 1559
List the prime factors of 283400774.
2, 41, 3456107
List the prime factors of 73669174.
2, 71, 7307
What are the prime factors of 4617744530?
2, 5, 7, 29, 61, 89, 419
What are the prime factors of 11839603?
19, 139, 4483
List the prime factors of 17744751.
3, 219071
List the prime factors of 2511201680.
2, 5, 13, 239, 10103
List the prime factors of 47538081.
3, 37, 142757
List the prime factors of 305560823.
41, 59, 126317
List the prime factors of 489145206.
2, 3, 11, 7411291
What are the prime factors of 30117526?
2, 1637, 9199
List the prime factors of 1931488.
2, 13, 4643
List the prime factors of 26091417.
3, 11, 790649
List the prime factors of 124902902.
2, 62451451
List the prime factors of 631608051.
3, 19, 103, 107581
What are the prime factors of 937524062?
2, 211, 661, 3361
What are the prime factors of 31783676?
2, 17, 53, 8819
List the prime factors of 167928236.
2, 7, 5997437
What are the prime factors of 45301557?
3, 7, 59, 36563
What are the prime factors of 34366472?
2, 7, 53, 11579
What are the prime factors of 73431217?
457, 160681
List the prime factors of 333367171.
13877, 24023
What are the prime factors of 41387660?
2, 5, 2069383
What are the prime factors of 989231909?
23, 53, 81